e factors of 757.
757
What are the prime factors of 23213?
139, 167
List the prime factors of 12868.
2, 3217
What are the prime factors of 11264?
2, 11
What are the prime factors of 421?
421
List the prime factors of 10803.
3, 13, 277
List the prime factors of 35472.
2, 3, 739
What are the prime factors of 1386?
2, 3, 7, 11
What are the prime factors of 4315?
5, 863
What are the prime factors of 14868?
2, 3, 7, 59
List the prime factors of 26227.
26227
What are the prime factors of 36?
2, 3
What are the prime factors of 1184?
2, 37
List the prime factors of 49.
7
What are the prime factors of 16478?
2, 7, 11, 107
What are the prime factors of 2794?
2, 11, 127
What are the prime factors of 672?
2, 3, 7
What are the prime factors of 18641?
7, 2663
List the prime factors of 2577.
3, 859
What are the prime factors of 12555?
3, 5, 31
What are the prime factors of 1254?
2, 3, 11, 19
List the prime factors of 1594.
2, 797
What are the prime factors of 50814?
2, 3, 941
List the prime factors of 7461.
3, 829
What are the prime factors of 5428?
2, 23, 59
What are the prime factors of 10660?
2, 5, 13, 41
List the prime factors of 3008.
2, 47
What are the prime factors of 2041?
13, 157
What are the prime factors of 5672?
2, 709
List the prime factors of 1791.
3, 199
List the prime factors of 6842.
2, 11, 311
List the prime factors of 1993.
1993
What are the prime factors of 338?
2, 13
List the prime factors of 2350.
2, 5, 47
List the prime factors of 10940.
2, 5, 547
What are the prime factors of 5041?
71
List the prime factors of 3970.
2, 5, 397
What are the prime factors of 37319?
67, 557
List the prime factors of 153088.
2, 13, 23
List the prime factors of 26047.
7, 61
List the prime factors of 57145.
5, 11, 1039
What are the prime factors of 117205?
5, 11, 2131
List the prime factors of 3577.
7, 73
What are the prime factors of 18619?
43, 433
What are the prime factors of 7021?
7, 17, 59
What are the prime factors of 5329?
73
What are the prime factors of 800?
2, 5
List the prime factors of 423.
3, 47
List the prime factors of 20443.
20443
What are the prime factors of 97?
97
What are the prime factors of 7134?
2, 3, 29, 41
What are the prime factors of 37811?
37811
What are the prime factors of 4624?
2, 17
List the prime factors of 28074.
2, 3, 4679
What are the prime factors of 220?
2, 5, 11
List the prime factors of 2291.
29, 79
What are the prime factors of 1369?
37
What are the prime factors of 41?
41
What are the prime factors of 55510?
2, 5, 7, 13, 61
What are the prime factors of 7844?
2, 37, 53
List the prime factors of 1673.
7, 239
List the prime factors of 26936.
2, 7, 13, 37
List the prime factors of 534.
2, 3, 89
List the prime factors of 11051.
43, 257
List the prime factors of 40306.
2, 7, 2879
What are the prime factors of 39682?
2, 19841
List the prime factors of 9968.
2, 7, 89
List the prime factors of 991.
991
List the prime factors of 7571.
67, 113
What are the prime factors of 174?
2, 3, 29
What are the prime factors of 120499?
41, 2939
List the prime factors of 91832.
2, 13, 883
What are the prime factors of 706?
2, 353
List the prime factors of 3223.
11, 293
List the prime factors of 1751.
17, 103
List the prime factors of 177637.
37, 4801
What are the prime factors of 13714?
2, 6857
List the prime factors of 57887.
107, 541
List the prime factors of 441.
3, 7
List the prime factors of 1635.
3, 5, 109
List the prime factors of 8569.
11, 19, 41
What are the prime factors of 20326?
2, 10163
What are the prime factors of 808?
2, 101
What are the prime factors of 23101?
13, 1777
What are the prime factors of 11282?
2, 5641
What are the prime factors of 2047?
23, 89
What are the prime factors of 2533?
17, 149
List the prime factors of 17202.
2, 3, 47, 61
List the prime factors of 1808.
2, 113
List the prime factors of 724.
2, 181
What are the prime factors of 59160?
2, 3, 5, 17, 29
List the prime factors of 1165.
5, 233
List the prime factors of 134192.
2, 8387
List the prime factors of 75760.
2, 5, 947
What are the prime factors of 1576?
2, 197
List the prime factors of 302.
2, 151
List the prime factors of 30224.
2, 1889
List the prime factors of 921.
3, 307
What are the prime factors of 7175?
5, 7, 41
What are the prime factors of 143?
11, 13
What are the prime factors of 3578?
2, 1789
What are the prime factors of 21255?
3, 5, 13, 109
What are the prime factors of 377?
13, 29
What are the prime factors of 136524?
2, 3, 31, 367
List the prime factors of 2120.
2, 5, 53
List the prime factors of 546.
2, 3, 7, 13
List the prime factors of 7004.
2, 17, 103
What are the prime factors of 4449?
3, 1483
List the prime factors of 2077.
31, 67
What are the prime factors of 546?
2, 3, 7, 13
What are the prime factors of 883?
883
What are the prime factors of 2236?
2, 13, 43
List the prime factors of 2404.
2, 601
What are the prime factors of 11994?
2, 3, 1999
What are the prime factors of 374?
2, 11, 17
What are the prime factors of 42584?
2, 5323
List the prime factors of 518.
2, 7, 37
What are the prime factors of 5269?
11, 479
What are the prime factors of 71746?
2, 29, 1237
List the prime factors of 1139.
17, 67
What are the prime factors of 6731?
53, 127
What are the prime factors of 41419?
7, 61, 97
What are the prime factors of 878?
2, 439
What are the prime factors of 5654?
2, 11, 257
What are the prime factors of 8257?
23, 359
List the prime factors of 3520.
2, 5, 11
List the prime factors of 467.
467
What are the prime factors of 4584?
2, 3, 191
List the prime factors of 29165.
5, 19, 307
What are the prime factors of 968?
2, 11
What are the prime factors of 129680?
2, 5, 1621
What are the prime factors of 6276?
2, 3, 523
What are the prime factors of 911?
911
What are the prime factors of 796?
2, 199
List the prime factors of 98696.
2, 13, 73
What are the prime factors of 9146?
2, 17, 269
What are the prime factors of 72983?
59, 1237
List the prime factors of 38633.
7, 5519
List the prime factors of 4528.
2, 283
List the prime factors of 85969.
13, 17, 389
What are the prime factors of 200?
2, 5
What are the prime factors of 10422?
2, 3, 193
What are the prime factors of 1203?
3, 401
List the prime factors of 121719.
3, 13, 3121
List the prime factors of 13721.
13721
What are the prime factors of 28393?
28393
What are the prime factors of 30543?
3, 10181
What are the prime factors of 2614?
2, 1307
What are the prime factors of 19808?
2, 619
List the prime factors of 1425.
3, 5, 19
List the prime factors of 91177.
73, 1249
List the prime factors of 708.
2, 3, 59
What are the prime factors of 1789?
1789
List the prime factors of 27936.
2, 3, 97
List the prime factors of 2564.
2, 641
What are the prime factors of 23718?
2, 3, 59, 67
List the prime factors of 107.
107
List the prime factors of 77538.
2, 3, 12923
What are the prime factors of 1238?
2, 619
What are the prime factors of 441?
3, 7
List the prime factors of 9426.
2, 3, 1571
What are the prime factors of 28203?
3, 7, 17, 79
What are the prime factors of 3998?
2, 1999
List the prime factors of 22183.
7, 3169
What are the prime factors of 147354?
2, 3, 41, 599
List the prime factors of 1063.
1063
What are the prime factors of 503?
503
What are the prime factors of 4760?
2, 5, 7, 17
List the prime factors of 202.
2, 101
What are the prime factors of 11534?
2, 73, 79
What are the prime factors of 185?
5, 37
List the prime factors of 4752.
2, 3, 11
List the prime factors of 155051.
13, 11927
What are the prime factors of 66821?
66821
What are the prime factors of 1092?
2, 3, 7, 13
What are the prime factors of 18291?
3, 7, 13, 67
List the prime factors of 3928.
2, 491
List the prime factors of 63772.
2, 107, 149
List the prime factors of 20678.
2, 7, 211
List the prime factors of 1062.
2, 3, 59
What are the prime factors of 17662?
2, 8831
List the prime factors of 10314.
2, 3, 191
What are the prime factors of 86082?
2, 3, 14347
List the prime factors of 89.
89
What are the prime factors of 43971?
3, 14657
List the prime factors of 5719.
7, 19, 43
What are the prime factors of 888?
2, 3, 37
List the prime factors of 14568.
2, 3, 607
List the prime factors of 2099.
2099
What are the prime factors of 1417?
13, 109
List the prime factors of 6299.
6299
List the prime factors of